 -12*q**2 - 5*q - 26. Let i be f(-6). Let g = i + 438. Calculate the remainder when 167 is divided by g.
7
Let w = -9524 - -10379. Calculate the remainder when w is divided by 405.
45
Let c = 1951 - 1490. What is the remainder when c is divided by 117?
110
Let z be (-3792)/9 + (8/6 - 2). Let a = -215 - z. What is the remainder when a is divided by 52?
51
Suppose -2*l + 86 = -154. Let k be 2030/609 - 8/6. Calculate the remainder when -1 + -4 + 2 + l/k is divided by 20.
17
Suppose -157*t + 165 = -172*t. Let b(a) be the third derivative of a**4/24 + 29*a**3/6 + a**2. What is the remainder when b(t) is divided by 7?
4
Suppose d + 3*f = 60, 78 = -0*d + d - 3*f. Suppose -170 = -u + 4*q, 0 = 4*u - 5*q + 400 - 1135. What is the remainder when u is divided by d?
52
Suppose -73324 = -541*h + 4039. Suppose -3*g - 3*b + 61 = -4*b, -g + 23 = b. Calculate the remainder when h is divided by g.
17
Let t(r) = 9*r**2 - 64*r + 13. Let w(z) = 2*z**2 + 6*z - 6. Calculate the remainder when w(-5) is divided by t(7).
2
Let u(b) = -8*b**3 - 197*b**2 + 54*b - 130. What is the remainder when u(-25) is divided by 230?
165
Suppose 28*z - 24*z = 8. Let p = -9 + z. Let a = p + 10. Calculate the remainder when 9 is divided by a.
0
Suppose 49 + 207 = 28*i - 80. Calculate the remainder when (-1)/((-1)/20*1) is divided by i.
8
Suppose -5*q + 5 = 0, -a + 5*a + 5*q + 3 = 0. What is the remainder when (-1 - 1) + 196 + (-2)/a is divided by 50?
45
Let f = 129 + -127. Let k be (102/(-119))/(f/(-28)). Let d(q) = q**2 - 4*q + 15. What is the remainder when d(k) is divided by 39?
33
Suppose 267*r - 122364 = 255*r. Calculate the remainder when r is divided by 75.
72
Suppose -29*i + 26*i + 3*b = -420, -140 = -i + 3*b. What is the remainder when i is divided by 46?
2
Let u(p) = -p**3 - 8*p**2 - 14*p - 1. Let x be (1/2)/(7/420*-5). Calculate the remainder when 49 is divided by u(x).
5
Suppose -28*h - 26*h - 112*h = -4814. Let c = -218 - -321. Calculate the remainder when c is divided by h.
16
Let z = 4532 - 3956. Calculate the remainder when z is divided by 131.
52
Let y = 574 + -190. Let m = -342 + y. Calculate the remainder when 59 is divided by m.
17
Calculate the remainder when 32009 is divided by (172/(-172))/((-1)/106).
103
Suppose -249*o = -233*o - 864. Let v = o - -47. Calculate the remainder when v is divided by 52.
49
Let k(m) = 4 + 78*m - 65*m - 14 + m**2. Let a be k(-14). Suppose 0 = -x - 4, a*n - 13 = 2*x + 39. Calculate the remainder when n is divided by 4.
3
What is the remainder when (64 - -701) + (1 - (0 + 1)) is divided by (9 - (-17)/(-2))*(27 + (-3)/3)?
11
Suppose -8*k = 4*k + 5*k - 1615. Calculate the remainder when 1214 is divided by k.
74
Let x be 2/(-3)*(40 + 20). What is the remainder when 9 is divided by x/(-6) - (-6)/18?
2
Let v(w) = -1263*w - 1715. Calculate the remainder when v(-5) is divided by 19.
2
Let i(l) = 7 - 2043*l + 7*l**2 + 0 + 1025*l + 1020*l + 2. Suppose 4*v = 3*x - 27, 0 = -5*v + 4*x - 26 - 9. Calculate the remainder when i(v) is divided by 34.
32
Let m be ((-8)/14)/(1 + 1445/(-1435)). Suppose 7*u + j = 4*u + m, -3*j - 73 = -2*u. Calculate the remainder when 375 is divided by u.
27
Let i(x) = -2*x**3 - 34*x**2 + 28*x - 126. Calculate the remainder when 718 is divided by i(-18).
16
Let w(v) = -v**2 + 11*v + 1670. What is the remainder when 593 is divided by w(-33)?
157
Suppose u = s - 2*u - 36, u = 3*s - 116. Calculate the remainder when 155 is divided by s.
38
Suppose i - 2*i + 28 = 0. What is the remainder when (-18 - -1 - -5) + ((-1716)/(-6))/2 is divided by i?
19
What is the remainder when 5 - 0 - (23199/(-18) - 17/102) is divided by 8?
6
Let n be -2 - 17/(102/(-108)). Suppose -v + 4*c - 756 = -6*v, 0 = 4*c - n. What is the remainder when v is divided by 32?
20
Let p be 1/(-14) + 34712/(-112). Let s = p + 323. Calculate the remainder when 48 is divided by s.
9
Suppose 5*f - k + 59 = 46, f - k + 5 = 0. Suppose 6*b - 28 = 2*b. Calculate the remainder when b is divided by (0 - (3 + f)) + (-14)/(-2).
1
Let q = -8912 - -8919. Calculate the remainder when 615 is divided by q.
6
Suppose 8 = -3*y + 5*y. Suppose g - y*s = -g + 92, -5*g = -2*s - 222. Calculate the remainder when g is divided by 9/(8/(-52) - (-30)/26).
8
Suppose -207 = -3*k + 5*s, s - 121 + 444 = 5*k. What is the remainder when 238 is divided by k?
46
Suppose -89*s + 254*s = 36630. What is the remainder when 226 is divided by s?
4
Let b(j) = j**3 + 17*j**2 + 40*j - 23. What is the remainder when 744 is divided by b(-14)?
4
Suppose 4*v - 206 = -3*o - v, -3*o + 200 = -v. Let d = -70 + o. Let q(r) = 5*r**2 + 12*r + 6. What is the remainder when 54 is divided by q(d)?
9
Let k be -1 - ((-416)/40)/((-2)/(-5)). Suppose 3*p - k = -2*u, -4*u - p + 57 + 18 = 0. What is the remainder when 58 is divided by u?
18
Let c = 5162 - 4609. Calculate the remainder when c is divided by 51.
43
Let v(k) = -k**3 + 17*k**2 - 16*k + 7. Let n be v(16). Let l = n - 7. What is the remainder when 142 is divided by l + 196/4 + -1?
46
Let d = 523 - 371. Suppose -8*t + 536 + d = 0. Let i = 2 + 43. What is the remainder when t is divided by i?
41
Suppose -m - 138 = -3*m. Let v(s) = 45*s**3 - 3*s**2 - 30*s**3 - 14*s**3 + 15 - 19*s + 0*s**2. What is the remainder when m is divided by v(6)?
6
Suppose -46*l + 34*l + 3468 = 39*l. Suppose -4*i + 0*i = -140. Calculate the remainder when l is divided by i.
33
Let t(a) = 3*a + 7. Suppose 4*n = 3*n. Let q be t(n). Suppose -2*u = -q - 1, 4*v - 308 = -5*u. Calculate the remainder when v is divided by 25.
22
Let n(s) = s**3 - 9*s**2 - 34*s + 5. What is the remainder when 999 is divided by n(12)?
13
Let s = -25059 - -27225. What is the remainder when s is divided by 2147?
19
Let a(r) = 323*r + 1435. What is the remainder when 440 is divided by a(-4)?
11
Let j(d) = 26*d - 149. Let f(a) = -13*a + 75. Let i(t) = 5*f(t) + 3*j(t). What is the remainder when 53 is divided by i(6)?
5
Suppose 0 = 2*j - 8, 4*l + 2*j - 771 - 1353 = 0. Suppose -d = -2*x + l, -4*x + 2*x + 4*d + 514 = 0. Calculate the remainder when x is divided by 30.
27
Let z = -1811 + 1883. What is the remainder when z is divided by 17?
4
Suppose 2*a - 63 = -b, -2*a = -2*b - 3*a + 138. Calculate the remainder when 2200 is divided by b.
70
Let j(r) = 525*r**2 - 2066*r - 59. Calculate the remainder when j(4) is divided by -1 + 0 - (-25 - 1).
2
Let u be (6/(-5))/(4/(-50)). Suppose -5*k = u*k - 200. Calculate the remainder when 128 is divided by k.
8
Calculate the remainder when (-8)/(-20) - (-6 + (-1839)/15) is divided by ((-30)/(-9))/((-4)/(-42)).
24
Suppose 8 = 2*g - 0*g. Suppose 2*r = g*r - 10. What is the remainder when 188/(10*(1 - (-24)/(-40))) is divided by r?
2
Let m be (-1)/8 + 3842/272. Suppose 2*p - 26 = m. What is the remainder when 137 is divided by p?
17
Let s be 2/(-6) - 4532/66. Let w = -9 - s. What is the remainder when w is divided by 30?
0
Suppose -12*z = k - 22195, 5*z - 9275 = 2*k + 3*k. Suppose -29*n + 4*n + z = 0. Calculate the remainder when n is divided by 9.
2
Suppose -332 + 1085 + 2447 = 10*t. What is the remainder when t is divided by 116?
88
Let m be (-10)/15 - 92/(-12). Let t be (-2)/9 - (462/(-54))/m. What is the remainder when 108 is divided by (t*-57)/(11/(-11))?
51
Calculate the remainder when 1525 is divided by (3 + -4 + 35)*(-5 - -6).
29
Let a(h) be the third derivative of h**5/30 - h**4/12 + 5*h**3/6 + 80*h**2. Calculate the remainder when 48 is divided by a(-3).
19
Let r(x) be the second derivative of -x**4/12 + 19*x**3/6 - 12*x**2 + 31*x - 1. What is the remainder when r(7) is divided by 21?
18
Let t = -396 - -905. Let i = 55 - -9. What is the remainder when t is divided by i?
61
Let z = 81 - 203. Let r = z + 129. Calculate the remainder when 10 is divided by r.
3
Suppose -7*g = -69 - 134. Let j(u) = -3*u + 28. Let k be j(16). Let a = k + g. Calculate the remainder when 33 is divided by a.
6
Let c be ((-378)/(-15))/((-4)/(-10)). Suppose 51*z + 8712 = c*z. What is the remainder when z is divided by 14?
12
Let c(a) = 27*a**3 + 18*a**2 - 31*a + 153. Calculate the remainder when c(5) is divided by 116.
111
Suppose -4*t + 160 = 3*j, -4*j = -2*t - 265 + 37. What is the remainder when 1565 is divided by j?
53
Let r(z) = -z**3 - 7*z**2 - 7*z - 12. Let y be r(-7). Let p = 42 - y. What is the remaind